{"id":4830,"date":"2013-05-31T11:56:39","date_gmt":"2013-05-31T11:56:39","guid":{"rendered":"http:\/\/us-themes.com\/wp\/Vittoria\/?page_id=9"},"modified":"2019-03-08T03:53:53","modified_gmt":"2019-03-08T03:53:53","slug":"contacto","status":"publish","type":"page","link":"http:\/\/diegolavandero.com\/web\/contacto\/","title":{"rendered":"Contact"},"content":{"rendered":"<section class=\"l-section wpb_row height_medium with_video\"><div class=\"l-section-video\"><video muted loop autoplay preload=\"auto\"><source type=\"video\/mp4\" src=\"0\" \/><\/video><\/div><div class=\"l-section-h i-cf\"><div class=\"g-cols vc_row type_default valign_top\"><div class=\"vc_col-sm-8 wpb_column vc_column_container\"><div class=\"vc_column-inner\"><div class=\"wpb_wrapper\"><div class=\"w-form for_cform us_form_1\">\r\n\t<form class=\"w-form-h\" autocomplete=\"off\" action=\"http:\/\/diegolavandero.com\/web\/web\/wp-json\/wp\/v2\/pages\/4830\" method=\"post\">\r\n\t\t\t\t<div class=\"w-form-row for_text required with_icon\">\r\n\t\t\t<div class=\"w-form-row-label\">\r\n\t\t\t<span>Nombre *<\/span>\r\n\t\t<\/div>\r\n\t\t<div class=\"w-form-row-field\">\r\n\t\t<i class=\"material-icons\">person<\/i>\t\t<input type=\"text\" name=\"us_form_1_text_1\" aria-label=\"Nombre\" value=\"\" placeholder=\"\" data-required=\"true\" aria-required=\"true\"\/>\r\n\t\t<span class=\"w-form-row-field-bar\"><\/span>\r\n\t\t\t<\/div>\r\n\t\t<div class=\"w-form-row-state\">Fill out this field<\/div>\r\n<\/div>\r\n\t\t<div class=\"w-form-row for_text required with_icon\">\r\n\t\t\t<div class=\"w-form-row-label\">\r\n\t\t\t<span>Correo electr\u00f3nico *<\/span>\r\n\t\t<\/div>\r\n\t\t<div class=\"w-form-row-field\">\r\n\t\t<i class=\"material-icons\">email<\/i>\t\t<input type=\"text\" name=\"us_form_1_text_2\" aria-label=\"Correo electr\u00f3nico\" value=\"\" placeholder=\"\" data-required=\"true\" aria-required=\"true\"\/>\r\n\t\t<span class=\"w-form-row-field-bar\"><\/span>\r\n\t\t\t<\/div>\r\n\t\t<div class=\"w-form-row-state\">Fill out this field<\/div>\r\n<\/div>\r\n\t\t<div class=\"w-form-row for_text with_icon\">\r\n\t\t\t<div class=\"w-form-row-label\">\r\n\t\t\t<span>N\u00famero de tel\u00e9fono<\/span>\r\n\t\t<\/div>\r\n\t\t<div class=\"w-form-row-field\">\r\n\t\t<i class=\"material-icons\">phone<\/i>\t\t<input type=\"text\" name=\"us_form_1_text_3\" aria-label=\"N\u00famero de tel\u00e9fono\" value=\"\" placeholder=\"\"\/>\r\n\t\t<span class=\"w-form-row-field-bar\"><\/span>\r\n\t\t\t<\/div>\r\n\t\t<div class=\"w-form-row-state\">Fill out this field<\/div>\r\n<\/div>\r\n\t\t<div class=\"w-form-row for_textarea required with_icon\">\r\n\t\t\t<div class=\"w-form-row-label\">\r\n\t\t\t<span>Mensaje *<\/span>\r\n\t\t<\/div>\r\n\t\t<div class=\"w-form-row-field\">\r\n\t\t<i class=\"material-icons\">create<\/i>\t\t<textarea  name=\"us_form_1_textarea_1\" aria-label=\"Mensaje\" placeholder=\"\" data-required=\"true\" aria-required=\"true\"><\/textarea>\r\n\t\t<span class=\"w-form-row-field-bar\"><\/span>\r\n\t\t\t<\/div>\r\n\t\t<div class=\"w-form-row-state\">Fill out this field<\/div>\r\n<\/div>\r\n\t\t<input type=\"hidden\" name=\"action\" value=\"us_ajax_cform\" \/>\r\n\t\t<input type=\"hidden\" name=\"post_id\" value=\"4830\" \/>\r\n\t\t<input type=\"hidden\" name=\"form_index\" value=\"1\" \/>\r\n\t\t<div class=\"w-form-row for_submit align_left\">\r\n\t<div class=\"w-form-row-field\">\r\n\t\t\t\t<button class=\"w-btn  us-btn-style_6\"  style=\"font-size:large;\" type=\"submit\" aria-label=\"Enviar mensaje\">\r\n\t\t\t<span class=\"g-preloader type_1\"><\/span>\r\n\t\t\t\t\t\t<span class=\"w-btn-label\">Enviar mensaje<\/span>\r\n\t\t\t\t\t<\/button>\r\n\t<\/div>\r\n<\/div>\r\n\t\t\t\t<div class=\"w-form-message\"><\/div>\r\n\t\t\t<\/form>\r\n\t<div class=\"w-form-json hidden\" onclick='return {&quot;ajaxurl&quot;:&quot;http:\\\/\\\/diegolavandero.com\\\/web\\\/wp-admin\\\/admin-ajax.php&quot;}'><\/div>\r\n<\/div><\/div><\/div><\/div><div class=\"vc_col-sm-4 wpb_column vc_column_container\"><div class=\"vc_column-inner\"><div class=\"wpb_wrapper\"><div class=\"w-socials style_solid hover_fade color_brand shape_circle align_left\"><div class=\"w-socials-list\" style=\"font-size:24px;margin:-0.1em;\"><div class=\"w-socials-item facebook\" style=\"padding:0.1em;\"><a class=\"w-socials-item-link\" target=\"_blank\" href=\"https:\/\/www.facebook.com\/diego.lavandero\" title=\"Facebook\" rel=\"nofollow\"><span class=\"w-socials-item-link-hover\"><\/span><\/a><div class=\"w-socials-item-popup\"><span>Facebook<\/span><\/div><\/div><div class=\"w-socials-item linkedin\" style=\"padding:0.1em;\"><a class=\"w-socials-item-link\" target=\"_blank\" href=\"https:\/\/www.linkedin.com\/pub\/diego-lavandero\/2b\/12a\/5b2\" title=\"LinkedIn\" rel=\"nofollow\"><span class=\"w-socials-item-link-hover\"><\/span><\/a><div class=\"w-socials-item-popup\"><span>LinkedIn<\/span><\/div><\/div><\/div><\/div><div class=\"w-separator size_medium\"><\/div>\r\n\t<div class=\"wpb_text_column \">\r\n\t\t<div class=\"wpb_wrapper\">\r\n\t\t\t<h3>Informaci\u00f3n de Contacto<\/h3>\n\r\n\t\t<\/div>\r\n\t<\/div>\r\n<div class=\"w-separator size_small\"><\/div><div class=\"w-iconbox iconpos_left style_default color_light align_left\"><div class=\"w-iconbox-icon\" style=\"font-size:28px;\"><i class=\"material-icons\">home<\/i><\/div><div class=\"w-iconbox-meta\"><h4 class=\"w-iconbox-title\" style=\"font-size:18px;\">Los Leones 80 Depto 3B<\/h4><div class=\"w-iconbox-text\"><\/div><\/div><\/div><div class=\"w-iconbox iconpos_left style_default color_light align_left\"><a class=\"w-iconbox-link\" href=\"mailto:dlavand@gmail.com\" target=\"_blank\" aria-label=\"dlavand@gmail.com\"><div class=\"w-iconbox-icon\" style=\"font-size:28px;\"><i class=\"material-icons\">mail<\/i><\/div><\/a><div class=\"w-iconbox-meta\"><a class=\"w-iconbox-link\" href=\"mailto:dlavand@gmail.com\" target=\"_blank\" aria-label=\"dlavand@gmail.com\"><h4 class=\"w-iconbox-title\" style=\"font-size:18px;\">dlavand@gmail.com<\/h4><\/a><div class=\"w-iconbox-text\"><\/div><\/div><\/div><div class=\"w-iconbox iconpos_left style_default color_light align_left\"><div class=\"w-iconbox-icon\" style=\"font-size:28px;\"><i class=\"material-icons\">phone<\/i><\/div><div class=\"w-iconbox-meta\"><h4 class=\"w-iconbox-title\" style=\"font-size:18px;\">(+56 9) 56793200<\/h4><div class=\"w-iconbox-text\"><\/div><\/div><\/div><\/div><\/div><\/div><\/div><\/div><\/section><section class=\"l-section wpb_row height_auto width_full\"><div class=\"l-section-h i-cf\"><div class=\"g-cols vc_row type_default valign_top\"><div class=\"vc_col-sm-12 wpb_column vc_column_container\"><div class=\"vc_column-inner\"><div class=\"wpb_wrapper\"><div class=\"w-tabs layout_default accordion type_togglable title_atcenter icon_chevron iconpos_right \"><div class=\"w-tabs-list items_1\"><div class=\"w-tabs-list-h\"><div class=\"w-tabs-item with_icon\"><div class=\"w-tabs-item-h\"><i class=\"material-icons\">place<\/i><span class=\"w-tabs-item-title\">MAPA DE UBICACI\u00d3N<\/span><\/div><\/div><\/div><\/div><div class=\"w-tabs-sections\"><div class=\"w-tabs-sections-h\"><div class=\"w-tabs-section with_icon no_indents color_custom\" style=\"background-color:#009688;color:#ffffff;\"><div class=\"w-tabs-section-header\"><div class=\"w-tabs-section-header-h\"><i class=\"material-icons\">place<\/i><div class=\"w-tabs-section-title\">MAPA DE UBICACI\u00d3N<\/div><div class=\"w-tabs-section-control\"><\/div><\/div><\/div><div class=\"w-tabs-section-content\"><div class=\"w-tabs-section-content-h i-cf\"><div class=\"w-map provider_google us_map_1\" id=\"us_map_1\" style=\"height:400px;\"><div class=\"w-map-json\" onclick='return {&quot;address&quot;:&quot;Los Leones 80, Santiago de Chile &quot;,&quot;markers&quot;:[{&quot;address&quot;:&quot;Los Leones 80, Santiago de Chile &quot;,&quot;html&quot;:&quot;Oficina&quot;,&quot;infowindow&quot;:false}],&quot;zoom&quot;:14,&quot;maptype&quot;:&quot;ROADMAP&quot;,&quot;height&quot;:&quot;400&quot;}'><\/div><\/div><\/div><\/div><\/div><\/div><\/div><\/div><\/div><\/div><\/div><\/div><\/div><\/section>\n","protected":false},"excerpt":{"rendered":"Nombre * person Fill out this field Correo electr\u00f3nico * email Fill out this field N\u00famero de tel\u00e9fono phone Fill out this field Mensaje * create Fill out this field Enviar mensaje FacebookLinkedIn Informaci\u00f3n de Contacto homeLos Leones 80 Depto 3Bmaildlavand@gmail.comphone(+56 9) 56793200placeMAPA DE UBICACI\u00d3NplaceMAPA DE UBICACI\u00d3N","protected":false},"author":1,"featured_media":0,"parent":0,"menu_order":0,"comment_status":"closed","ping_status":"closed","template":"","meta":{"footnotes":""},"class_list":["post-4830","page","type-page","status-publish","hentry"],"_links":{"self":[{"href":"http:\/\/diegolavandero.com\/web\/wp-json\/wp\/v2\/pages\/4830","targetHints":{"allow":["GET"]}}],"collection":[{"href":"http:\/\/diegolavandero.com\/web\/wp-json\/wp\/v2\/pages"}],"about":[{"href":"http:\/\/diegolavandero.com\/web\/wp-json\/wp\/v2\/types\/page"}],"author":[{"embeddable":true,"href":"http:\/\/diegolavandero.com\/web\/wp-json\/wp\/v2\/users\/1"}],"replies":[{"embeddable":true,"href":"http:\/\/diegolavandero.com\/web\/wp-json\/wp\/v2\/comments?post=4830"}],"version-history":[{"count":1,"href":"http:\/\/diegolavandero.com\/web\/wp-json\/wp\/v2\/pages\/4830\/revisions"}],"predecessor-version":[{"id":6011,"href":"http:\/\/diegolavandero.com\/web\/wp-json\/wp\/v2\/pages\/4830\/revisions\/6011"}],"wp:attachment":[{"href":"http:\/\/diegolavandero.com\/web\/wp-json\/wp\/v2\/media?parent=4830"}],"curies":[{"name":"wp","href":"https:\/\/api.w.org\/{rel}","templated":true}]}}